s x a composite number?
False
Suppose -4*b - 3*w = -189 + 79, 4 = -2*w. Let i = b - -353. Is i a prime number?
False
Let i = -95 + 90. Let y(t) = -144*t - 1. Is y(i) a composite number?
False
Let m(o) = -o**3 + o**2 - o + 17305. Is m(0) composite?
True
Let w(l) = -l**2 - 12*l - 2. Let r be (-5 - 0) + (-44)/22. Is w(r) composite?
True
Let c(o) be the second derivative of 2*o**3/3 - o**2/2 + 8*o. Let b(r) = r**3 - 6*r**2 - 8*r + 8. Let k be b(7). Is c(k) a prime number?
True
Let l(y) = 6*y**2 - 11. Let c = 50 + -42. Is l(c) a prime number?
True
Let d(g) = 5*g**3 + 13*g**2 - 17*g + 20. Let n(b) = 6*b**3 + 12*b**2 - 17*b + 20. Let k(p) = -5*d(p) + 4*n(p). Let c be k(-18). Is 1 - (c + 0) - -290 composite?
False
Suppose -478 = -2*v - 2*l, l - 2*l - 475 = -2*v. Suppose 58*r = 60*r - v. Is r prime?
False
Is 229059/153 - (-2)/(-17) a composite number?
True
Let s be (8/(-6))/((-4)/9). Suppose -4*x = 3*t - 182, -2*x = t + s*t - 236. Is t a composite number?
True
Let m(i) = -i**3 - 5*i**2 - 3*i + 1. Let s be m(-4). Let k be s*(5 - 6/3). Is 167/2 + k/6 prime?
False
Let k(q) = -761*q - 1. Let o be k(-3). Suppose 2*c - 4*c - 5*g + o = 0, 0 = 3*c - 3*g - 3423. Is c prime?
False
Suppose -2*m - s = s - 2, 2*s = 5*m - 12. Is 2 + m/(8/4844) prime?
True
Let w = -5341 - -16210. Is w a composite number?
True
Let r(p) = 33*p**2 - 4*p + 4. Let i = 28 - 24. Let u be r(i). Suppose -q = -3*a + 200 + 306, 3*a - 3*q = u. Is a a prime number?
True
Is (-31281*12/(-18))/2 a composite number?
False
Suppose -16*u = -55321 - 110391. Is u a composite number?
False
Let m = 630 - 348. Suppose -7*d + 152 = -m. Is d a prime number?
False
Suppose -3*n = -2*g + 3819, -5*g - n = n - 9519. Suppose -3*f = 2*f - g. Is f prime?
False
Let v(p) = -2 - 3 + 4*p**2 + 8 + 3*p**3 - 6*p. Suppose 0 = -41*y + 36*y - 3*m + 17, 2*y - m - 9 = 0. Is v(y) composite?
True
Is (-3 + (-301188)/24)/(3/(-6)) a composite number?
True
Suppose 35203 = 39*w - 32*w. Is w a composite number?
True
Suppose -2*y + 104 = -14. Is y a composite number?
False
Suppose 2*u + 6 = 20. Suppose -u*w + 8*w - 2 = 0. Suppose j + 321 = w*j. Is j prime?
False
Suppose 4*f + w - 10 = f, -5*w + 20 = 5*f. Suppose f*l + 21 = -9. Let o(j) = -98*j - 3. Is o(l) prime?
True
Suppose -29 = 8*g - 5. Is (-3228)/(-21) - g - 4/(-14) a composite number?
False
Suppose v + 4243 = 2*v. Suppose v - 411 = 4*o. Is o a prime number?
False
Let b = 1684 - 233. Suppose -m - 198 = -g + 164, 0 = 4*g - 3*m - b. Is g a prime number?
False
Let f = 6350 - 3758. Suppose 4*s = f + 552. Suppose -s = -7*z + 355. Is z a composite number?
False
Suppose -h + 2922 = h - 4*j, -7235 = -5*h - 4*j. Is h a composite number?
False
Suppose p - 2*q = -3 + 7, 3*p + 3*q - 21 = 0. Suppose 9*i = p*i + 111. Is i prime?
True
Let v = -2 - -12. Let j(z) = -7 + 0*z - 5*z + 0*z - v*z**2 - 6 + z**3. Is j(11) prime?
True
Let q be (3 + 2/(-3))/(2/(-6)). Let b = q + 716. Is b a prime number?
True
Suppose 178 = s - 3*f, -s + 188 = -4*f - f. Suppose 0 = -3*x - s + 598. Is x composite?
True
Let o(r) = 145*r - 4. Let a(b) = b**3 + 6*b**2 - 8*b. Let k be a(-7). Let q(y) = y**3 - 6*y**2 - 8*y + 10. Let d be q(k). Is o(d) a composite number?
False
Let u = -15 + 18. Suppose 0 = u*y - 235 - 311. Suppose -z + y = z. Is z a composite number?
True
Suppose v + 4*r = 36600 + 18419, 4*v - 220136 = 4*r. Is v composite?
True
Suppose 5*n - 13 = -8. Is 303/n - (-1 - -5) a composite number?
True
Let n(v) = -v**2 - 3*v + 2. Let l be n(-3). Suppose l*a = -0*a. Is -1 + -1 + a + 55 a composite number?
False
Is (-1 - -3)/(28/25494) composite?
True
Let j be (-3)/(-4 - 52/(-16)). Suppose -j*z + 1 = -59. Suppose 308 - z = m. Is m prime?
True
Let l be (-6 + 7)/((-2)/(-2802)). Is (-1 - 5)/3 + l a prime number?
True
Suppose 2*w + 32 = -4*a + 3*w, -5*w + 48 = -4*a. Let k = -4 - a. Suppose 4*r - 2*r - 4*j - 22 = 0, k*j - 31 = -r. Is r composite?
False
Let w(m) = -m**2 - 25*m - 8. Let r(f) = f**2 + 13*f + 4. Let z(y) = -5*r(y) - 3*w(y). Let g be z(6). Let u(d) = -26*d - 17. Is u(g) prime?
True
Let d(f) = 30 - 7*f**3 - 7*f - 5*f**3 + 2*f**2 + 16*f + 0*f**2. Is d(-5) prime?
False
Let g = 27 - 11. Let c = 23 - g. Is c prime?
True
Suppose 6*u + 7488 = 14*u. Let f = 9141 + -5270. Suppose -5*b - u = -f. Is b a composite number?
False
Is (5/10)/(6/108348) a prime number?
True
Let v be 2702/(-35) + (-3)/(-15). Is 33/v - 2848/(-14) composite?
True
Let a(k) = -6369*k - 229. Is a(-4) a composite number?
False
Let i = 63 + -27. Suppose -5*c - i = -2*c. Let x(n) = -17*n + 19. Is x(c) prime?
True
Let k(f) = f**2 - 3*f + 5. Let a be k(4). Let w(x) = 22*x - 11. Let q be w(a). Suppose 5*t - 2*v = q, -3*v - 188 = -0*t - 5*t. Is t prime?
True
Suppose -4 = 2*u, -3*o = 2*u - 2097 - 5132. Is o composite?
False
Let o(u) = -u**3 + 16*u**2 + 12*u - 2. Let a = 41 - 26. Is o(a) a prime number?
False
Suppose -5 - 1 = -2*o. Suppose -4*j + 3*j = -2*f - 873, 2664 = 3*j + o*f. Is j a prime number?
True
Is 43*353 - (-36 + 42) a composite number?
False
Suppose -177 = -4*j + 5*j - 5*w, 0 = -2*j + 3*w - 347. Is -11*j/(0 - -4) a prime number?
False
Let z be 1/(-1)*(3 + -5). Suppose -1 = z*v + 1. Is ((-539)/28)/(v/4) composite?
True
Suppose 2*w = w + 4, -b + 11305 = 3*w. Is b a composite number?
True
Suppose -19*o + 20*o - 13 = 0. Suppose -o*m + 14*m = 251. Is m a prime number?
True
Let d be -3*(-1 - (-1 - (-2)/3)). Suppose -670 = -d*o - 2*i, -5*o = -3*o + i - 672. Is o a prime number?
True
Let l(q) = q**3 + 11*q**2 + 8*q - 2. Let j be l(-10). Suppose 0*g = 3*g + j. Is g/(-12) - (-58)/4 a composite number?
True
Suppose d = -0*d + 62. Let l = d + 69. Is l composite?
False
Suppose 6*d - 3069 = -1047. Is d composite?
False
Suppose 0 = b + 2*l - 5, -3*l = 2*b - 5*b - 30. Let p(c) = -21*c**3 - 6*c**2 - 7*c + 3. Is p(b) a composite number?
True
Let i = -95 - -137. Suppose -k + i = -13. Is k a prime number?
False
Let s = -3 - 1. Let j(l) be the first derivative of -15*l**2 + 7*l - 151. Is j(s) a prime number?
True
Suppose -2*l - 836 + 3734 = 0. Suppose -5*b + 2551 = -l. Is 3*(-1 + b/6) a prime number?
True
Is 4/36*40254*(-12)/(-8) a composite number?
False
Let v(a) = a**3 - 35*a**2 - 44*a - 83. Is v(37) a composite number?
True
Suppose 11 = 4*l - 5. Suppose -l*v + 495 + 81 = -4*k, -v + 134 = k. Is v prime?
True
Suppose 10*u + 75 = 5*u. Let s = 19 + u. Let y(x) = 146*x - 3. Is y(s) a prime number?
False
Is (-23349)/(-2) + -5*(-2)/4 a prime number?
True
Let y = 18 + -18. Let q be (6/15 + y)*10. Suppose 3*k - 274 = q*v, k + v - 96 = -0*v. Is k composite?
True
Suppose -5*m - 4*a - 9321 + 29270 = 0, -3*m - 5*a + 11972 = 0. Is m a composite number?
False
Let y be (-17 - -22)/(2 + -1). Suppose -t + 5*d = -344, 3*t - d = y*t - 633. Is t a prime number?
False
Let l(q) = 1023*q**2 - 6*q - 2. Is l(-3) prime?
False
Suppose 9*j = 15*j - 66678. Is j composite?
False
Let t = -6181 - -9594. Is t a prime number?
True
Suppose -16563 - 12523 = -2*r. Is r a composite number?
False
Suppose -715 - 295 = 10*v. Suppose k = 3*c - 73, 0 = 4*c - 2 - 6. Let j = k - v. Is j a prime number?
False
Let z(k) = 2*k**3 - 71*k**2 + 68*k - 7. Is z(50) prime?
False
Let w(g) = g**3 - g**2 - 1. Let b be w(2). Let y(c) = 4*c + 0*c**2 - 3 + c**3 - 3*c**2 - c**2 - 2*c**b. Is y(-10) a prime number?
True
Let t = 26428 - 4530. Is t composite?
True
Suppose 0 = -8*d + 4016 + 14936. Is d prime?
False
Suppose 0 = -i - 2*l - 0*l + 11, l = -i + 7. Suppose -i*p + 5733 - 330 = 0. Is p a composite number?
False
Let i(w) = -15*w**3 - 12*w**2 - 27*w - 122. Is i(-12) prime?
False
Suppose -2*g - 7*g + 0*g = 0. Suppose -3*r + 539 + 94 = g. Is r composite?
False
Let w = 433 - 128. Suppose 9*f = 4*f + w. Let b = f - -66. Is b a prime number?
True
Let g = 1597 + -198. Is g a prime number?
True
Suppose h - 4 = -2, -3*h - 4598 = -4*t. Is t a composite number?
False
Let h = -87 + 92. Suppose 5*y - 4*z - 3298 = 0, -h*z + 894 = 2*y - 445. Is y composite?
True
Suppose -5*m = -2*k + 7187, 0 = 2*k - 6*k + 2*m + 14334. Is k a composite number?
False
Is (-9)/(-18) + (-542)/4*-87 prime?
True
Let w be (-78)/(-9)*(-9)/(-6). Let b = w - 12. Suppose -t + 44 = 3*g, -t + 1 = -b. Is g a composite number?
True
Suppose 5*a - b = 4*b + 72465, -4*a = -2*b - 57970. Let z = -8353 + a. Is z a prime number?
False
Suppose -1101 = -a + 5*r + 1060, -4*a + 87